ive o(54).
-1
Let m(n) = -15*n. Determine m(2).
-30
Let i(p) = 4*p. Calculate i(-6).
-24
Let x(u) = -u**3 - 18*u**2 - 16*u - 15. Give x(-17).
-32
Let s(v) = -3*v - 9. Calculate s(4).
-21
Let r(z) = z**2 - 3*z - 73. Give r(0).
-73
Let s(y) = 4*y**3 + 3*y**2 + 3*y. What is s(-1)?
-4
Let r(s) = 5*s - 98. Determine r(19).
-3
Let y(s) = 12*s + 19. What is y(-6)?
-53
Let w(y) = -18*y - 10. Determine w(-2).
26
Let c(y) = -2*y + 2. Calculate c(-5).
12
Let l(f) = -10*f - 11. What is l(-4)?
29
Let m(q) = q**2 - 13*q - 9. What is m(16)?
39
Let x(o) = -o**3 + 27*o**2 + 31*o - 68. Calculate x(28).
16
Let n(a) = -a**3 - 8*a**2 - 3*a + 7. Give n(-7).
-21
Let m(w) = w**3 + 6*w**2 - 9*w - 8. Calculate m(-6).
46
Let j(v) = -5*v**2 + 68*v + 3. What is j(15)?
-102
Let b(f) = 5*f**2 - 55*f - 55. Calculate b(12).
5
Let f(z) = z**3 - 12*z**2 - 13*z. Give f(13).
0
Let h(z) = 2*z**2 + 7*z - 31. Give h(-6).
-1
Let g(p) = p**3 - 2*p**2 + p - 2. Give g(1).
-2
Let j(k) = -k**2 + 13*k - 9. What is j(11)?
13
Let y(q) = -q**3 - 9*q**2 - 12*q - 28. Determine y(-8).
4
Let d(b) = b**2 - 12*b - 1. What is d(11)?
-12
Let x(c) = -c**2 - 13*c + 9. Give x(-13).
9
Let w(s) = -s**2 - s - 13. Give w(0).
-13
Let i(y) = -y**2 - y + 10. Determine i(-4).
-2
Let x(c) = -3*c**2 + 3*c. What is x(3)?
-18
Let z(i) = -4*i**2 + 33*i - 9. What is z(8)?
-1
Let d(k) = -3*k**2 - 40*k - 15. Determine d(-13).
-2
Let x(a) = 65*a - 125. What is x(2)?
5
Let h(c) = c**2 + 5. Determine h(5).
30
Let l(d) = -d - 16. Determine l(-12).
-4
Let l(r) = r**3 - 11*r**2 + 11*r + 2. Give l(10).
12
Let c(g) = g**3 - g**2 - 5*g + 9. What is c(2)?
3
Let m(u) = -u**2 - 12*u + 12. Give m(-12).
12
Let k(x) = -7*x + 14. Give k(3).
-7
Let j(z) = -z**2 - 16*z + 20. What is j(-18)?
-16
Let x(p) = 6*p + 3. Give x(-2).
-9
Let r(s) = -2*s**2 + 2*s + 68. Determine r(-5).
8
Let k(c) = -c**3 - 4*c**2 - 5*c - 13. Determine k(-4).
7
Let l(x) = -x**3 - 2*x**2 - 2. Calculate l(-2).
-2
Let c(p) = -p**3 + 2*p**2 + 5*p. What is c(4)?
-12
Let p(q) = q - 22. Determine p(-17).
-39
Let h(n) = -3*n - 15. What is h(-10)?
15
Let q(d) = -d**3 - 9*d**2 - 6*d + 10. Give q(-8).
-6
Let u(k) = k**3 + k**2 - 27*k - 62. Determine u(-4).
-2
Let u(o) = -o**3 - 10*o**2 + 3*o - 5. Give u(-10).
-35
Let k(r) = r**3 + 13*r**2 + 15*r + 28. What is k(-12)?
-8
Let x(t) = 5*t - 38. What is x(7)?
-3
Let f(h) = -7*h + 51. Determine f(8).
-5
Let m(k) = -5*k + 157. Give m(30).
7
Let d(x) = -5*x + 1. What is d(0)?
1
Let b(j) = j**2 + 11*j - 3. Determine b(-9).
-21
Let d(a) = -a**3 + 12*a**2 - 9*a - 11. Give d(11).
11
Let i(p) = p**3 - 10*p**2 - 14*p - 8. What is i(11)?
-41
Let d(f) = 4*f + 55. Determine d(-19).
-21
Let k(n) = -n**3 - 12*n**2 - n - 1. Calculate k(-12).
11
Let q(c) = -c**3 + 11*c**2 + 22*c - 241. Calculate q(11).
1
Let v(r) = 4*r - 11. Calculate v(-9).
-47
Let f(t) = t**3 + t**2 + t - 10. What is f(0)?
-10
Let f(n) = 3*n + 44. What is f(-14)?
2
Let p(z) = -z**2 + 22*z - 84. What is p(5)?
1
Let t(m) = -m**2 - 28*m + 326. Determine t(9).
-7
Let j(m) = 31*m**3 + m**2. Calculate j(-1).
-30
Let j(t) = -t**3 + 16*t**2 + 13*t + 11. What is j(16)?
219
Let u(f) = -f**3 - 12*f**2 + 2*f - 34. What is u(-12)?
-58
Let y(n) = n + 8. Give y(-7).
1
Let n(c) = -c**3 - 4*c**2 - 7*c - 10. Calculate n(-5).
50
Let m(n) = n**3 + 13*n**2 + 42*n + 9. Give m(-8).
-7
Let f(z) = -10*z**3 + z**2 - 3*z. Give f(-2).
90
Let p(s) = 5*s**2 - 2*s - 1. What is p(-1)?
6
Let c(q) = q**3 + 8*q**2 - 8. What is c(-8)?
-8
Let o(c) = -c**3 + 5*c**2 + 17*c - 11. Give o(8).
-67
Let j(m) = m**3 + 5*m**2 + 3*m - 12. Calculate j(-5).
-27
Let i(d) = 4*d**3 + 36*d**2 + 30*d - 11. Give i(-8).
5
Let x(b) = -b**3 - 4*b**2 - 11*b - 7. Calculate x(-4).
37
Let l(r) = r**3 + 3*r**2 + 3*r. Give l(-4).
-28
Let z(k) = -3*k**2 + 6*k + 32. Calculate z(-4).
-40
Let w(g) = g**3 + 2*g**2 - 7*g - 6. Give w(-4).
-10
Let v(f) = 5*f + 57. Calculate v(-11).
2
Let l(g) = -g**3 + 6*g**2 + 2*g - 6. Give l(6).
6
Let n(z) = -173*z - 861. Calculate n(-5).
4
Let l(a) = 3*a - 18. Give l(9).
9
Let u(w) = -w**3 + 10*w**2 - 13*w - 3. Calculate u(9).
-39
Let j(p) = -8*p + 56. Give j(7).
0
Let r(c) = -74*c + 291. What is r(4)?
-5
Let m(x) = x**3 + 5*x**2 - 7*x - 1. What is m(-6)?
5
Let f(q) = -19*q - 3. What is f(-1)?
16
Let z(h) = -9*h + 11. What is z(6)?
-43
Let s(w) = 2*w - 4. Give s(5).
6
Let o(y) = -y**2 + 7*y - 11. Give o(8).
-19
Let q(a) = -5*a + 222. Calculate q(46).
-8
Let c(y) = y**2 - 11*y - 33. Calculate c(14).
9
Let b(w) = -4*w + 10. Determine b(10).
-30
Let y(b) = -10*b**2 + 2*b - 3. Calculate y(3).
-87
Let o(z) = 11*z. Calculate o(1).
11
Let q(p) = -4*p - 230. Calculate q(-58).
2
Let c(q) = -q**3 - q - 6. What is c(0)?
-6
Let f(b) = -11*b**2 - 44*b + 8. Determine f(-4).
8
Let t(g) = -g**3 - 7*g**2 + 12*g + 12. Determine t(-8).
-20
Let k(a) = -a**2 + 8*a + 21. Give k(10).
1
Let t(x) = -2*x**2 + 8*x + 5. Give t(4).
5
Let k(b) = -2*b**3 - 2*b**2 - 1. Determine k(2).
-25
Let b(h) = 12*h - 144. What is b(9)?
-36
Let k(f) = -f**2 - 14*f + 393. Determine k(14).
1
Let x(l) = -6*l + 52. Calculate x(12).
-20
Let b(r) = r**3 + 3*r**2 + r + 2. Calculate b(-3).
-1
Let s(r) = -4*r + 5. What is s(-8)?
37
Let w(h) = h**3 + 8*h**2 - 10*h - 44. Determine w(-9).
-35
Let v(x) = x**3 + 33*x**2 - 32*x + 77. Determine v(-34).
9
Let o(x) = 3*x + 32. Determine o(-12).
-4
Let v(y) = y**3 - 41*y**2 - 133*y + 43. What is v(44)?
-1
Let m(q) = -q**3 + 3*q**2 - 5*q - 2. Give m(5).
-77
Let x(n) = n**3 - 40*n**2 + 7. Give x(40).
7
Let y(w) = w**3 + 6*w**2 - 15. Calculate y(-6).
-15
Let n(c) = c**3 + 11*c**2 + 10*c - 4. Give n(-10).
-4
Let u(b) = -2*b**3 - 50*b**2 - 48*b - 16. Calculate u(-24).
-16
Let s(q) = -q**2 - 7*q - 6. Calculate s(-6).
0
Let i(b) = b**3 - 8*b**2 + 11*b - 2. What is i(6)?
-8
Let l(r) = -r**3 + 5*r**2 + 16*r - 10. Determine l(7).
4
Let s(j) = -20*j - 109. What is s(-6)?
11
Let q(n) = -n - 23. Determine q(-14).
-9
Let y(m) = 2*m**2 - 6. Calculate y(2).
2
Let p(u) = -u**2 - 10*u. Determine p(-7).
21
Let a(q) = 38*q + 187. What is a(-5)?
-3
Let h(i) = 6*i + 14. Calculate h(-27).
-148
Let c(n) = 15*n + 1. Calculate c(1).
16
Let l(q) = q**3 + 6*q**2 - 13*q + 27. Determine l(-8).
3
Let h(t) = t**2 + 11*t + 7. Give h(-8).
-17
Let x(p) = 2*p**2 + 9*p - 15. Give x(-8).
41
Let c(i) = -6*i + 11. Give c(4).
-13
Let l(a) = 2*a + 11. Determine l(-6).
-1
Let d(r) = r**3 - 20*r**2 - 2*r + 40. Determine d(20).
0
Let q(i) = i**3 - 2*i + 4. Give q(-3).
-17
Let r(l) = -l**3 + 7*l**2 - 4*l - 7. What is r(3)?
17
Let x(z) = -20*z - 96. What is x(-4)?
-16
Let p(d) = -d**2 + 19*d - 9. Give p(14).
61
Let b(o) = 16*o**3 + 2*o**2 - 1. Determine b(1).
17
Let z(j) = -j**3 - 13*j**2 + j - 11. What is z(-13)?
-24
Let k(j) = 4*j**3 + 4*j**2 + 4*j. What is k(-2)?
-24
Let h(k) = k**3 + 40*k**2 - 82*k + 68. Determine h(-42).
-16
Let j(s) = -2*s**2 - 6*s + 9. What is j(-4)?
1
Let v(f) = -f**2 + 3*f + 56. Give v(9).
2
Let o(g) = -2*g**2 - 16*g - 14. Determine o(-7).
0
Let u(r) = r**2 + 10*r - 17. What is u(-12)?
7
Let q(o) = o**3 + 8*o**2 + 7*o - 10. Calculate q(-7).
-10
Let v(h) = 86*h**2 - h + 1. Give v(1).
86
Let y(a) = -a**2 + 2*a - 5. Determine y(4).
-13
Let b(d) = d + 19. Give b(-5).
14
Let d(i) = -i**2 - 2*i + 2. Determine d(-4).
-6
Let w(n) = n**3 + 4*n**2 - 9*n - 16. What is w(-7)?
-100
Let o(n) = 9*n**2 - n. Give o(-1).
10
Let h(t) = -t**3 - t**2 - 2*t + 49. Give h(0).
49
Let m(k) = -k**2 + 11*k - 33. Give m(6).
-3
Let f(n) = -n - 33. What is f(-31)?
-2
Let x(c) = 3*c**2 - 6*c - 6. Give x(-7).
183
Let p(s) = 5*s - 60. Calculate p(12).
0
Let n(s) = -4*s**3 + s**2 - s - 2. Determine n(-2).
36
Let r(g) = 6*g + 5. Calculate r(-3).
-13
Let r(u) = u**2 - 8*u + 7. What is r(5)?
-8
Let d(k) = 8*k + 99. Determine d(-11).
11
Let l(c) = -2*c - 9. Calculate l(-9).
9
Let u(w) = w**2 + 11*w + 14. Give u(-8).
-10
Let q(r) = -2*r**2 - 4*r - 5. What is q(4)?
-53
Let x(a) = -a**2 + 10*a - 15. What is x(9)?
-6
Let v(u) = -6*u + 1. Calculate v(3).
-17
Let q(v) = -2*v - 83. Determine q(-14).
-55
Let f(b) = b**3 - 19*b**2 - 21*b + 13. What is f(20)?
-7
Let k(f) = 2*f**3 - 2*f**2 - f. What is k(-2)?
-22
Let a(n) = n**3 + 11*n**2 + 11*n + 9. Give a(-10).
-1
Let t(b) = -7*b - 1. Give t(-2).
13
Let b(c) = -10*c - 2. Determine b(1).
-12
Let d(p) = 2*p. Calculate d(3).
6
Let m(p) = 2